git of j?
6
Let j be (120/(-18))/((-779)/390 + 2). Let g = -1287 - j. What is the tens digit of g?
1
Let y = -6033 + 7641. What is the hundreds digit of y?
6
Suppose 5*s + 12 = -5*f - 8, 2*f + 4 = -4*s. What is the tens digit of (-10624)/(-12) + 2 + 8/f?
8
Let l = 6 - 61. What is the tens digit of 9*879/15 + (-33)/l?
2
Let w = -4022 - -4097. What is the tens digit of w?
7
What is the tens digit of 24441*(6*(-2)/(-9) + -1)?
4
What is the units digit of (-3142087)/(-513) + (-8)/(-108)?
5
Suppose 56*z + 159169 - 1292497 = 0. What is the units digit of z?
8
Let w be (2 + -8)*27/18. What is the units digit of (-10 + 7)*(1 - (-1581)/w)?
4
Suppose -4*m + 3*v + 2943 = 0, -3*m - 5*v + 784 = -1416. Let o = m - 423. Suppose 3*z = 207 + o. What is the tens digit of z?
7
Suppose -41*m + 214989 + 47247 = 0. What is the thousands digit of m?
6
Suppose -q + 60 = -2*n - 21, 0 = 4*n + 12. Suppose r + 2*o + 48 = 0, 2 - 10 = -2*o. Let l = q + r. What is the tens digit of l?
1
Suppose -14*m = -51*m. Suppose 4*c = -d + 761, -11*c + 16*c - 20 = m. What is the tens digit of d?
4
Suppose 5*f = o - 6 - 14, 0 = -5*o + 5*f. Let t = -2 - o. Suppose 142 + 71 = t*m. What is the units digit of m?
1
Let l(u) be the first derivative of -u**3/3 + 3*u**2 + 17*u - 29. Let z be l(7). Suppose z*o = 7*o + 63. What is the units digit of o?
1
Let j be (-12)/(-10)*(-600)/(-2). Let m(q) = -4*q**2 - 164*q + 178. Let b be m(-42). Suppose -b*s = j - 1500. What is the tens digit of s?
1
Let y = -193 - -503. Suppose -2*t - 3*m = -4*t + 306, -2*t + y = -5*m. Suppose -14*n = -16*n + t. What is the units digit of n?
5
Let q be (-12)/10 - 4/5. What is the hundreds digit of 175 + (q - (-8)/1)?
1
Let q = 1988 + -763. Suppose -2*w - x - 481 = -2*x, -5*w - 5*x - q = 0. What is the tens digit of (-10)/4*(-2)/(-10)*w?
2
Suppose 0*a + 3*a - 25 = 2*v, 5*a = 2*v + 35. Suppose -4*g = d + 2*d - 1784, 3*g = a*d - 3012. What is the hundreds digit of d?
6
Let o(i) = 1635*i + 62. What is the hundreds digit of o(4)?
6
Suppose -4*o + 3*x + 84 = 0, 2*o + 2*x = 3*o - 21. Suppose o*z = 9*z + 720. Let f = 112 - z. What is the tens digit of f?
5
Let v be 1 - (-7 - 0 - 139). Suppose -v - 1818 = -5*r. What is the tens digit of r?
9
Let r(b) be the first derivative of -184*b**2 - 5*b + 46. What is the units digit of r(-1)?
3
Suppose -39091 = -5*p + 2*u, -4*p + 5*u + 18131 + 13152 = 0. What is the tens digit of p?
1
Suppose 8*k - 11232 = 288. Let l = k - 87. What is the hundreds digit of l?
3
Suppose 2*v - 996 = -4*q, 4*q + 2*v - 7*v = 996. Suppose 2*i + 221 = q. What is the units digit of i?
4
Suppose -10 = -0*n + 2*n, 0 = -5*q + 5*n + 73175. What is the ten thousands digit of q?
1
Suppose 0 = p + 5*t - 1594, -9*p - 4*t + 1590 = -8*p. What is the tens digit of p?
7
Suppose 126*k - 4716563 = 983173. What is the thousands digit of k?
5
Let u = 7645 - 4427. What is the thousands digit of u?
3
Suppose 758380 = 31*z + 40*z - z. What is the ten thousands digit of z?
1
Suppose 14*s = -2*c + 19*s + 101509, -10*c - 5*s + 507455 = 0. What is the hundreds digit of c?
7
What is the thousands digit of 10 + 1 + (-2904356)/(-182)?
5
What is the hundreds digit of 582/(-18)*-333 + 3?
7
Suppose -x - 2 = 0, -854 = -3*u - 3*x + 170626. What is the hundreds digit of u?
1
Suppose 2*z - 5*q = 6*z - 12, 5*q = 0. What is the units digit of -15 + 406 + (3 - (-1 + z))?
2
Let r be (-18)/(2/(-3)*(-2)/(-586)). Suppose -18*h - 909 = -r. What is the tens digit of h?
8
Let y = 8210 - -2949. What is the tens digit of y?
5
Suppose 3168*l - 43382 = 3166*l. What is the units digit of l?
1
What is the thousands digit of 11989 - (-12)/18*54/4?
1
Let w(q) be the first derivative of 79*q**2/2 + 39*q - 13. What is the hundreds digit of w(5)?
4
Let a(s) = 4*s - 9. Let i(h) = -5*h - 3 + 7 + 0 + 5. Let y(z) = 6*a(z) + 7*i(z). What is the tens digit of y(-6)?
7
What is the thousands digit of (1433/5)/((-1)/(-65))?
8
Suppose 6*j - 1176 = 2*j. What is the tens digit of ((-83888)/j)/(2/(-3))?
2
Let a be ((-132)/(-16))/(2/8). Let t = 852 - 863. Let w = a - t. What is the tens digit of w?
4
Suppose -27 - 3 = -5*n + 4*i, 0 = -2*n - 5*i + 12. Suppose 0 = -n*r + 5*r + 5. Suppose -r*v - 78 = -h, 3*h + 0*h = v + 304. What is the hundreds digit of h?
1
Let c(s) = s**3 + 43*s**2 + 43*s - 11. What is the thousands digit of c(-37)?
6
Let z(w) = -80*w + 4. Let y be z(-5). Suppose -27*q - 39*q = -15*q. Suppose q = -0*b + 4*b - y. What is the tens digit of b?
0
Let u(m) = -m - 9. Let v be (-42)/2*14/21. Let r be u(v). Suppose j - 4*j = r*g - 47, -g = -4*j + 78. What is the tens digit of j?
1
What is the thousands digit of 20 + 2 - (-57647 + 18)?
7
Let o(q) = -q**3 - 6*q**2 - 5*q + 4. Let g be o(-4). Let b(x) be the second derivative of x**4/2 + 8*x**3/3 + 6*x**2 + 27*x. What is the units digit of b(g)?
8
Let v = -102 - -86. Let m be v/88 - 2138/(-22). Let g = -7 + m. What is the units digit of g?
0
Suppose 0 = 22*p - 39*p + 1496. Suppose -5*d - 4*q + 1164 + p = 0, -4*q = 8. What is the units digit of d?
2
Suppose -6*s + 221 - 233 = 0. What is the units digit of s/(-12) - (-58487)/78?
0
Let w(f) = f**3 - 15*f**2 + 34*f + 28. Let a be w(12). Suppose -v + 3*h + 117 = 0, -v + 645 = a*v - 3*h. What is the hundreds digit of v?
1
Suppose 0 = -5*r + 8 + 2. What is the units digit of r + 2 - (-476 + 4)?
6
Let l = 1338 - 1314. Suppose 0*v - 2*v = 4*o - 16, 3*v - 22 = -5*o. Let q = v + l. What is the tens digit of q?
2
Let x(l) = 3*l**2 - 9*l - 2. Let g be x(4). Suppose -910 = -g*v + 3*v. What is the units digit of v?
0
Suppose 18*w - 4*g = 15*w + 51912, -3*w + 51960 = 4*g. What is the ten thousands digit of w?
1
Let d be (7 + -1)*(-8)/(-24). Suppose 3*l - 4*l + d = 0. Suppose -l*o - 4*o + 192 = 0. What is the tens digit of o?
3
Suppose -42*s - 240170 = -1571150. What is the thousands digit of s?
1
Let s(i) = -518*i - 1134. What is the thousands digit of s(-16)?
7
Let a(l) be the second derivative of 5*l**4/3 + l**3/6 + 3*l**2 + 71*l. What is the tens digit of a(-2)?
8
Let s(l) = -15*l - 3*l**3 - 95 + 18*l**2 + 70 + 2*l**3. Let u be s(17). Let w(t) = -t**3 + 9*t**2 + 7*t + 8. What is the tens digit of w(u)?
7
Suppose -5*n - r - 11 + 71 = 0, 3*n = -2*r + 43. What is the units digit of (-16882)/(-18) - n/792*-8?
8
Suppose 0 = -9*m + 14*m - 25. Suppose 0 = 936*w - 921*w. Suppose w = 5*q + 5*n - 245, -140 = -m*q + n + 75. What is the units digit of q?
4
What is the tens digit of 6/(-10)*1 - (-250428)/205?
2
Let t be (-7 + (-6)/(-3) + 4)*-35. Let u be (14/(-98) - 16/t)*-5. What is the units digit of 13 - u*(2 + -1)?
0
Let p = 37 + -31. Let h be -81*(-1 - (-4)/p). Suppose -28*j + h*j + 58 = 0. What is the tens digit of j?
5
Let d be 10/(-2)*(10 - 11). Let s(i) = 0*i + 25*i + 30*i + d. What is the hundreds digit of s(2)?
1
Let m be 2921 - (4 - (5 + 4)). Suppose -o = o - 8, 4*o = -5*x + m. What is the tens digit of x?
8
Let r(h) = -19 - 27*h + 10*h - 2*h**2 - h**2 + 19*h - 3*h**3. What is the units digit of r(-8)?
9
Let i(s) be the third derivative of -s**5/60 + s**4/6 + 25*s**3/3 + 25*s**2. Let r be i(9). Suppose r*o = 485 + 525. What is the tens digit of o?
0
Let r = 2706 + -2532. What is the tens digit of r?
7
Let t = -1515 + 2676. Suppose 5769 = 6*s + t. What is the hundreds digit of s?
7
What is the thousands digit of 305854/10 + -1 - 1461/(-2435)?
0
Let h(z) = z**3 + 25*z**2 - z - 19. Let w be h(-25). Let c be (-48)/w - -1*5. What is the units digit of (-3 - (-1064)/12)/((-1)/c)?
7
Let a = -80 - -96. Suppose a*k - 6786 - 3230 = 0. What is the hundreds digit of k?
6
Suppose 144*s + 83607 - 200532 - 387075 = 0. What is the hundreds digit of s?
5
Let u(k) = 4*k**2 - 13*k + 3. Let o be 9/(-3 + 32/12). Let r = 33 + o. What is the units digit of u(r)?
9
Let l(k) = k**2 - k + 3. Let t(u) = 2*u**2 - 2*u + 3. Let x be t(0). Let o be (-96)/9 - (-1 - (-1)/x). What is the tens digit of l(o)?
1
Suppose -229*u + 231*u = 23382. What is the ten thousands digit of u?
1
Let m = 67 + -64. Suppose -m*i + 20 = 7*i. What is the units digit of i?
2
Let c = -103 - -106. Suppose 3*k = -3, 0 = c*g - 6*g - k + 494. What is the tens digit of g?
6
Suppose -95 = n - 5*j, 9*n - 5*n + 405 = -5*j. What is the units digit of (-6 + n/(-15))/((-2)/(-1407))?
9
Let s(c) = 2*c**3 - 19*c**2 - 25*c - 32. Let z be s(10). Let t(k) 